
-416
Let v(u) = -34*u**2 + 5366*u + 502. Determine v(158).
-446
Let a(p) = -2*p**3 - 37*p**2 - 133*p - 776. Determine a(-15).
-356
Let s(v) = -v**3 + 6*v**2 + 315*v - 54. What is s(22)?
-868
Let y(n) = -3396*n + 217358. Give y(64).
14
Let q(l) = -l**3 + 1197*l**2 - 9289*l - 1771. Calculate q(8).
13
Let u(j) = 2*j**3 - 21*j**2 - 3302*j + 44857. Calculate u(14).
1
Let t(p) = -4*p**3 + 7*p**2 - 158*p - 713. Calculate t(-7).
2108
Let j(q) = 83*q - 9517. Calculate j(114).
-55
Let d(h) = 759*h + 193552. Give d(-255).
7
Let m(k) = 1444899*k + 18783692. Determine m(-13).
5
Let t(h) = h**3 - 141*h**2 - 95*h + 13621. Give t(141).
226
Let x(q) = -1382*q - 9681. Determine x(-7).
-7
Let o(j) = 189*j - 8579. Determine o(44).
-263
Let t(z) = 4544*z + 486294. What is t(-107)?
86
Let z(d) = 949*d + 21787. What is z(-24)?
-989
Let j(l) = -7869*l + 23606. What is j(3)?
-1
Let b(k) = 4*k**3 - 157*k**2 + 22*k + 262. Give b(39).
-401
Let z(u) = u**3 + 34*u**2 - 105*u - 89. Calculate z(-36).
1099
Let q(s) = -2511*s**2 + 1. Determine q(0).
1
Let p(b) = 7569*b + 537402. Calculate p(-71).
3
Let j(p) = 5*p**2 - 782*p + 100. Give j(157).
571
Let b(k) = -50055*k + 200184. Calculate b(4).
-36
Let f(g) = -2962*g - 10625. Calculate f(-3).
-1739
Let o(c) = c**3 + 18*c**2 + 89*c + 276. Determine o(-10).
186
Let k(f) = -7*f**2 + 1686*f + 21451. What is k(253)?
-54
Let x(s) = -84*s**2 + 1771*s - 7. What is x(21)?
140
Let a(o) = o**2 + 103532*o + 3105070. Determine a(-30).
10
Let w(c) = c**3 + 10*c**2 - 612*c + 143. Give w(20).
-97
Let u(w) = -w**2 + 5554*w - 27751. Calculate u(5).
-6
Let n(c) = c**3 - 155*c**2 + 4698*c + 5421. Calculate n(113).
-3
Let l(i) = i**2 + 17583*i + 228409. Determine l(-13).
-1
Let n(o) = -o**3 + 18*o**2 - 8085*o + 153940. Calculate n(19).
-36
Let v(b) = -b**3 + 170*b**2 - 506*b + 833. Calculate v(167).
-2
Let u(g) = 164*g**3 - 4*g**2 - 20*g - 18. Calculate u(-1).
-166
Let r(s) = -441*s - 1151. What is r(-3)?
172
Let l(g) = -g**2 - 300*g + 13546. Give l(39).
325
Let w(t) = 13*t**2 + 9393*t + 388123. Determine w(-44).
-1
Let j(u) = -44*u - 6445. Determine j(-107).
-1737
Let d(h) = -2*h**2 + 2044*h + 63149. Determine d(-30).
29
Let j(y) = 671*y + 20142. Give j(-30).
12
Let l(c) = 2*c**3 + 36*c**2 - 333*c - 103. Give l(7).
16
Let n(a) = 1062*a + 4532. Give n(-4).
284
Let p(b) = -20*b**3 - 19*b**2 - 19*b - 9. What is p(-2)?
113
Let y(t) = 354136*t - 1770679. Give y(5).
1
Let v(d) = -6*d**2 - 1728*d + 165980. What is v(76)?
-4
Let a(y) = -768*y + 281727. What is a(367)?
-129
Let k(x) = x**2 - 41529*x + 1783898. Calculate k(43).
0
Let b(d) = 233*d - 18406. Determine b(79).
1
Let v(g) = 3*g**3 + 66*g**2 - g - 16. Determine v(-22).
6
Let y(k) = -k**3 - 28*k**2 - 91*k + 110. What is y(-15)?
-1450
Let w(v) = -1641*v - 100119. Calculate w(-61).
-18
Let y(d) = 4406*d + 722. Determine y(0).
722
Let g(c) = -13*c**2 - 425*c + 9293. Determine g(15).
-7
Let t(d) = 579*d**2 - 3805*d - 1748. Determine t(7).
-12
Let c(p) = 89*p**2 - 34236*p - 11139. What is c(385)?
26
Let y(d) = 2*d**3 + 432*d**2 + 3905*d + 7865. Calculate y(-3).
-16
Let v(t) = 418640*t - 5860979. Give v(14).
-19
Let l(y) = -43*y**2 + 15902*y + 31805. Give l(-2).
-171
Let o(l) = 2*l**2 + 2536*l - 22910. Determine o(9).
76
Let t(s) = -14*s**2 - 1136*s - 13885. Calculate t(-15).
5
Let f(l) = -25*l**2 - 503*l + 1637. Determine f(-23).
-19
Let g(j) = -1427*j**2 - 2438740*j + 5134. Calculate g(-1709).
7
Let v(i) = -181*i**2 - 8526*i - 885. Determine v(-47).
8
Let t(q) = 4*q**2 - 17*q - 1587. Give t(22).
-25
Let i(n) = 6*n**3 - 3417*n**2 + 1705*n + 1118. Determine i(569).
-20
Let r(g) = 3223*g - 1076371. Give r(334).
111
Let m(y) = -y**3 - 13*y**2 - 1101*y - 10670. Give m(-10).
40
Let m(f) = f**3 + 3*f**2 - 504*f + 2694. Give m(6).
-6
Let m(k) = -k**3 - 19*k**2 + 88*k + 673. Give m(-22).
189
Let l(q) = q**3 - 144*q**2 + 439*q - 654. Calculate l(141).
1602
Let a(c) = -52*c - 2. Give a(25).
-1302
Let g(c) = 48858*c - 1856604. Calculate g(38).
0
Let l(n) = -242*n + 46208. Calculate l(190).
228
Let t(f) = 48*f + 90. Calculate t(-6).
-198
Let u(b) = -26786*b + 857155. Give u(32).
3
Let u(q) = 7*q**2 + 618*q - 18. Calculate u(-86).
-1394
Let q(m) = 7*m**2 - 542699*m + 542696. Calculate q(1).
4
Let i(x) = x**3 - 47*x**2 - 84*x - 737. Calculate i(49).
-51
Let v(u) = u**3 + 18*u**2 - 309*u - 5297. What is v(-18)?
265
Let q(t) = -5*t**3 - 185*t**2 + 44*t + 1601. Give q(-37).
-27
Let t(d) = 2432*d - 663925. Determine t(273).
11
Let h(l) = -187*l**2 - 5406*l + 102. What is h(-29)?
-391
Let i(s) = -7*s**2 + 761*s + 79568. What is i(174)?
50
Let v(k) = -15*k**2 - 1552*k - 773. What is v(-103)?
-52
Let x(g) = 2*g**3 + 3*g**2 - 1648*g - 4950. Give x(-3).
-33
Let j(m) = -15719*m - 267251. What is j(-17)?
-28
Let q(n) = -3812*n + 739236. Determine q(194).
-292
Let y(o) = -2*o**2 - 60*o + 547. Calculate y(24).
-2045
Let i(m) = -m**3 - 4*m**2 - 45*m + 59. Give i(7).
-795
Let d(f) = f**3 + 111*f**2 + 3089*f + 7075. What is d(-43)?
-20
Let m(g) = g**3 + 17*g**2 + 16*g + 74. What is m(-20)?
-1446
Let d(l) = -4171*l - 66794. Calculate d(-16).
-58
Let y(b) = b**2 + 589*b + 56281. Calculate y(-120).
1
Let u(r) = -959*r**2 - 1948*r + 3890. Give u(2).
-3842
Let u(w) = 35*w**2 - 517*w - 9933. Give u(-11).
-11
Let a(s) = -1128*s - 4675. Determine a(-1).
-3547
Let w(b) = 7170*b + 279631. Calculate w(-39).
1
Let q(z) = -z**3 - 20*z**2 - 42*z + 92. Determine q(-19).
529
Let p(j) = -j**2 + 3622*j + 32702. Calculate p(-9).
23
Let h(q) = -q**3 + 7*q**2 - 69683*q + 557530. What is h(8)?
2
Let z(j) = -13*j**3 - 93*j**2 + 46*j - 31. Calculate z(-8).
305
Let o(y) = -y**2 + 140*y - 5105. What is o(76)?
-241
Let f(j) = -j**3 - 31*j**2 - 134*j - 55. Calculate f(-6).
-151
Let d(b) = -738*b - 42338. What is d(-58)?
466
Let c(j) = -3588751*j + 21532503. Determine c(6).
-3
Let a(u) = -u**3 - 96*u**2 + 90*u - 585. Calculate a(-97).
94
Let l(d) = -d**3 - 105*d**2 - 148*d + 25849. What is l(-101)?
-7
Let x(m) = -241*m**3 + 7953*m**2 + 2*m - 68. What is x(33)?
-2
Let i(g) = -69*g**3 - 26*g**2 + 688*g + 1486. What is i(-2)?
558
Let b(k) = k**2 - 239522*k + 5269000. Give b(22).
0
Let d(o) = -37809*o + 151252. Determine d(4).
16
Let t(k) = -5205*k + 161281. Calculate t(31).
-74
Let v(j) = 57*j - 7442. What is v(116)?
-830
Let d(x) = 26*x**2 - 16*x + 120. Give d(-6).
1152
Let b(n) = 2*n**3 - 301*n**2 - 226*n + 11278. What is b(151)?
-47
Let w(x) = 2137*x + 2032. What is w(-1)?
-105
Let p(y) = -y**3 + 102*y**2 - 834*y - 229. Determine p(93).
50
Let c(r) = 4814*r**2 + 871333*r - 175. What is c(-181)?
6
Let v(n) = -112*n**2 - 113*n + 1338. What is v(-4)?
-2
Let z(m) = 743*m**2 + 187*m + 187. Calculate z(-1).
743
Let y(a) = 45582*a - 2279090. Determine y(50).
10
Let l(u) = 84*u**3 - 45458*u**2 - 37941*u + 548. Calculate l(542).
6
Let c(z) = z**3 - 75*z**2 + 550*z + 412. Calculate c(9).
16
Let k(n) = 5*n**2 + 181*n - 3615. What is k(19)?
1629
Let n(t) = -551418*t - 20402478. Give n(-37).
-12
Let n(x) = -x**3 - 700*x**2 - 2074*x + 64. What is n(-3)?
13
Let u(k) = -93*k**2 + 8330*k + 3611. Determine u(90).
11
Let x(j) = -j**2 - 1038*j - 237275. Calculate x(-698).
45
Let a(t) = t**2 + 96*t + 1798. Calculate a(-35).
-337
Let u(g) = 29*g**3 - 389*g**2 + 159*g - 3. Give u(13).
36
Let f(u) = -185399*u - 2595554. Determine f(-14).
32
Let w(u) = -72*u**2 + 1642*u + 3946. Determine w(25).
-4
Let d(u) = -2*u**3 + 10*u**2 + 157*u - 877. Determine d(6).
-7
Let l(j) = 30*j + 1252. Give l(-48).
-188
Let k(z) = -z**3 - 10*z**2 + 345*z - 72. Determine k(-24).
-288
Let c(d) = d**3 + 263*d**2 + 14911*d - 2327. Give c(-83).
80
Let q(r) = -4*r**3 - 40*r**2 - 62*r - 545. Determine q(-10).
75
Let q(p) = 6559*p - 760837. What is q(116)?
7
Let n(x) = 31*x**2 + 27325*x - 220573. Give n(8).
11
Let y(m) = -m**3 - 111*m**2 + 1342*m + 26. Give y(-122).
26
Let v(g) = 458*g - 77403. Determine v(169).
-1
Let s(r) = 8*r**3 + 420*r**2 + 940*r - 2966. Determine s(-50).
34
Let b(i) = -2*i**3 + 214*i**2 + 801*i - 39802. Determine b(109).
-17
Let c(k) = 31*k**2 + 1792*k - 960. What is c(-59)?
1223
Let y(j) = 2*j**3 + 71*j**2 + 613*j - 23. Calculate y(-15).
7
Let i(h) = 11532*h - 184099. Determine i(16).
413
Let l(c) = -4604*c + 23017. Determine l(5).
-3
Let h(b) = b**2 + 1135*b - 89462. Give h(74).
4
Le